d w?
2
Suppose -205 + 13 = -4*z. Calculate the highest common divisor of 120 and z.
24
Let j be (-2)/1*23/(-2). Let t be 0 - (4/(-2) - 1). Let r be 1*95 + -3 + t + -3. What is the highest common factor of r and j?
23
Let p(g) = -g**3 - 7*g**2 + g - 45. Suppose 2*o + 2*o = -4*w - 12, 5*w - o + 45 = 0. Let a be p(w). Calculate the highest common divisor of 176 and a.
11
Suppose -4*t + 5 + 3 = 0. Suppose t*x - 32 - 78 = 0. Suppose x = -0*l + 5*l. What is the greatest common divisor of 22 and l?
11
Let b = -4 + -3. Let l = b + 15. Let n be 7/(98/(-36))*-28. Calculate the greatest common divisor of l and n.
8
Suppose -8 = -2*a - 4. Let d be 12/(-8) - (-11)/a. Suppose -4*j + 5*g + 134 = 0, -d*j - j = -3*g - 174. What is the highest common divisor of j and 12?
12
Let r = 788 + -548. Calculate the highest common divisor of 300 and r.
60
Let d be 3*(2 - 1) + -1. Suppose 50 = -d*f + 146. Calculate the greatest common divisor of f and 6.
6
Suppose -30 = -2*f - 10. Suppose 0 = -4*v + 62 + 38. What is the greatest common divisor of f and v?
5
Let j(p) = -2*p - 5. Let h be j(-4). Let q be -1 - (-10 - h)/1. Let d = -94 + 190. What is the greatest common divisor of q and d?
12
Let d(z) = z**2 + 2*z - 11. Suppose w + 7 = x, -3*w - 2*w - 15 = -x. Let l be d(x). What is the highest common divisor of l and 192?
24
Let h be -55*(-8 - 336/(-60)). What is the highest common factor of 836 and h?
44
Let b = -211 - -220. Calculate the greatest common divisor of b and 144.
9
Let b(z) = -3*z - 14. Let u be b(-7). Suppose u*m - 12*m + 450 = 0. Let h be 1*(m/3 - -2). Calculate the highest common factor of h and 4.
4
Let l be 56 + -58 + 11/1. Let z(w) = 2*w**2 - 5. Let m be z(4). What is the highest common divisor of l and m?
9
Let q(t) = t**3 - 26*t**2 - 23*t - 90. Let f be q(27). Let u = 10 - -1. Let b = u + -5. What is the greatest common factor of b and f?
6
Let i be 3 + -3 + (4 - 2*-6). What is the greatest common factor of 144 and i?
16
Let p(m) = m**3 - 3*m**2 - 3. Let b be p(6). Let k(i) = -114*i + 3093. Let r be k(27). What is the highest common factor of r and b?
15
Let i be ((-2592)/(-18))/((-6)/(-4)). Suppose 5*h + 2*w - 120 = 5*w, i = 4*h + 4*w. Calculate the greatest common divisor of h and 24.
24
Let u(a) = -61*a**3 - 2*a**2 + a + 2. Let b be u(-1). Let v(c) = -c**3 - c**2 - c + 3. Let p be v(-3). What is the highest common divisor of p and b?
12
Suppose -3*x + 4 = -c - 29, -4*x - 4*c + 60 = 0. Let k be ((-20)/(4 - 9))/((-2)/(-4)). Suppose 1344 = k*m + 6*m. What is the greatest common divisor of m and x?
12
Suppose -4*p - 4*o = -48, 3*p - 16 = 4*o - 2*o. Suppose -p = -s - s. Let x = 23 - s. Calculate the highest common factor of 57 and x.
19
Let a = 65 + -44. Let u be 8/16*(2 + 6). Suppose -4*c + z + 7 + 2 = 0, 2*z + 6 = u*c. Calculate the greatest common divisor of c and a.
3
Let l(k) be the third derivative of k**4/8 - 6*k**3 + 17*k**2. Let c be l(23). What is the highest common divisor of 165 and c?
33
Let c(u) = 4*u**2 + 56*u + 15. Let y be c(-14). Calculate the greatest common divisor of y and 75.
15
Suppose -4*h - 5*w + 36 = 0, h = 4*h - w - 46. Calculate the greatest common divisor of h and 14.
14
Let m(k) = -37*k**3 - k**2 + 3*k + 3. Let i be m(-1). Calculate the greatest common divisor of 45 and i.
9
Let l(z) = -4*z + 4. Let u be l(-5). Suppose 0 = 352*h - 389*h + 888. Calculate the highest common factor of u and h.
24
Suppose -4*h - 8 = 8. Let a be ((-6)/h - 1)*10. Suppose a*w - 2*i + 6*i = 499, 4*w - 392 = 4*i. What is the highest common factor of w and 11?
11
Suppose 0 = 2047*l - 2057*l + 30. Calculate the highest common factor of l and 357.
3
Suppose 4*s + 103 = -5*k, -22 = k - s - 5. Let m = k + 91. What is the highest common divisor of 8 and m?
8
Suppose 0*g - 5*g = -25. Suppose 47 = g*v + 7. What is the highest common factor of v and 24?
8
Suppose 3*h - 40 = -2*j, -4*h + 218*j + 30 = 216*j. Let x be (-4)/(-14) - (-6)/(-21). Suppose x = 4*v - 0 - 16. What is the greatest common divisor of h and v?
2
Let h(d) = 9*d + 122. Let u be h(-10). What is the greatest common divisor of u and 2496?
32
Suppose -5*f - 2*d = -1254, 29*f + 5*d + 519 = 31*f. Calculate the greatest common factor of f and 36.
36
Let g be -3 + -26 - (-1 + -2). Let v = 14 - g. Suppose -5*r - 2*w + w + 104 = 0, 0 = 3*r - 3*w - 48. Calculate the highest common divisor of v and r.
20
Let y = 211 + -194. Calculate the greatest common factor of 1 and y.
1
Let s be ((-728)/6)/((-58)/(-6) - 10). Calculate the greatest common factor of s and 104.
52
Let i(k) = -2*k**2 - 37*k + 17. Let q be i(-19). Let z(x) = 63*x**2 - x - 2. Let u be z(q). Calculate the greatest common divisor of 28 and u.
28
Suppose 2*b - 8 + 2 = 0, 3*s - 5*b = 282. Suppose 198 = 3*l - s. Calculate the highest common divisor of l and 11.
11
Suppose -2*c = 5*w + 4560, w + 7*c = 2*c - 912. Let j be w/(-4) + -3 + 3. Let m = j - 123. What is the greatest common divisor of 15 and m?
15
Suppose -5*o - 6 - 3 = -2*r, 0 = -2*o + 10. Suppose -16*l + 14*l - 3*g = -229, 4*l - g = 479. Calculate the highest common factor of r and l.
17
Let u = -53 - -38. Let i = u + 15. Suppose b - 5*a - 56 = i, 5*b - 3*a = 3*b + 84. Calculate the greatest common divisor of 24 and b.
12
Let j(m) = 3 + 2 - 4 + 11*m**2 - 3. Let t be j(-6). Suppose 0 = -3*u + t - 58. What is the highest common divisor of u and 16?
16
Let o = 149 + -140. What is the highest common factor of 117 and o?
9
Suppose 0 = -3*n - 2*n + 50. Let u = n + -7. Suppose 4*w + 70 = j + 4*j, -3*j + u*w + 39 = 0. Calculate the highest common factor of j and 162.
18
Let j = -9 + 9. Suppose j = 2*i - 82 - 52. Suppose -i = -r + 109. What is the greatest common divisor of 16 and r?
16
Let t be (-44)/(-33) + (-2)/(-3). Suppose -t*v = 3*w - 106, 4*v = v + 4*w + 142. Let i be 182/8 + 2 + (-3)/(-12). What is the greatest common factor of v and i?
25
Let p(c) be the second derivative of 47*c**3/6 + c**2/2 - 10*c. Let y be p(1). What is the greatest common divisor of 32 and y?
16
Let b = -38 + 54. Suppose 3*n = 7*n - b. Let m be n + 2 - 2 - -9. Calculate the greatest common factor of m and 104.
13
Let f = -1 + 6. Suppose f*r + 619 - 181 = 4*g, 562 = 5*g + r. Suppose 6*x - 2*x = g. Calculate the highest common divisor of 42 and x.
14
Let d = 78 - -3. Suppose 0 = -3*y + d. Suppose 11 = 3*n + 2. Calculate the highest common factor of y and n.
3
Suppose 0*p = p + 28. Let q = p + 51. What is the greatest common factor of 115 and q?
23
Let w = 42 - 22. Let n(y) = y**3 + 3*y**2 - 5*y + 1. Let s be n(-4). Calculate the greatest common divisor of s and w.
5
Suppose 0 = -4*p - 3*v - 45 + 222, 2*p + 4*v - 86 = 0. Calculate the highest common divisor of 207 and p.
9
Let o be (0 + -1)/((-4)/504). Let n be 2*(-2 - -3) + -2. Suppose 4*s + 42 - o = n. Calculate the highest common divisor of 168 and s.
21
Let j = 1204 + -615. What is the greatest common divisor of 31 and j?
31
Let x(q) = -272336*q**2 - 5 - 6 - 10*q + 272337*q**2. Let n be (1 + -6)*(-24)/10. Let p be x(n). Calculate the highest common divisor of 39 and p.
13
Suppose 3 = x - 4*q - 0, q + 9 = 3*x. Suppose 4*d = -x*d + 504. What is the highest common divisor of d and 18?
18
Let k(m) = -2*m + 8. Let a be k(-6). Let u = 2837 - 2832. Calculate the highest common divisor of u and a.
5
Let q be (-360)/(-84)*(-28)/(-3). What is the greatest common factor of q and 1240?
40
Let l = 281 - 254. Let m = 9 + 9. What is the greatest common factor of m and l?
9
Suppose -8*s + 55 = -769. Calculate the highest common divisor of 103 and s.
103
Let p = -309 - -439. Calculate the greatest common factor of 20 and p.
10
Suppose 2*k - 10 = -3*k. Let t be 120 - (k + 4 - 5). What is the highest common factor of t and 17?
17
Suppose 0 = -5*x - 5*q + 650, 2*q - 6*q + 391 = 3*x. Suppose 132 = 5*n - 2*d + 3*d, x = 5*n + 2*d. Calculate the highest common divisor of 9 and n.
9
Suppose 5*i - 2*r + 351 = 0, 2*i - 4*r = 5*i + 221. Let k = i - -88. Suppose -2*v = -3*v + 119. What is the greatest common divisor of k and v?
17
Let m be (-15)/(-6) - 6/4. Suppose -19*s = -116 - 131. Calculate the highest common divisor of s and m.
1
Let u be (693/(-27) - 1)*3/(-2). Let j(a) = a**2 - a - 4. Let y be j(-3). What is the highest common factor of y and u?
8
Suppose 7 = x + 2. Let w(u) = 6*